**3 + 13*p**2 - 17*p - 2. Give a(2).
-16
Let v(p) = p**2 - p - 9. Give v(-4).
11
Let d(t) = t**2 - 3*t - 62. Calculate d(9).
-8
Let c(j) = 13*j**2 + 10*j + 9. Give c(-1).
12
Let c(d) = d**3 + 20*d**2 - 17*d - 1. Give c(-21).
-85
Let n(y) = y**3 - 3*y**2 + 2*y - 3. What is n(2)?
-3
Let y(t) = -t + 1. Give y(-2).
3
Let b(r) = -r**3 - 7*r**2 - 12*r + 1. Determine b(-5).
11
Let f(u) = -u**2 + 13*u + 26. Give f(12).
38
Let i(f) = -2*f**3 + 99*f**2 - 49*f - 11. Give i(49).
-11
Let l(z) = -z**3 - 2*z**2 + 20*z - 4. Calculate l(-6).
20
Let l(u) = u**2 - 5*u + 4. What is l(6)?
10
Let z(i) = 5*i - 6. What is z(6)?
24
Let d(x) = -45*x + 5. What is d(-2)?
95
Let k(b) = b**3 - 19*b**2 + b - 33. Determine k(19).
-14
Let l(z) = -z**2 + 55*z - 304. Calculate l(6).
-10
Let q(i) = 3*i + 49. Give q(-22).
-17
Let s(v) = 39*v + 33. Give s(4).
189
Let u(t) = -t**3 - 2*t**2 + 2*t - 13. Give u(0).
-13
Let l(m) = -m**2 - 7*m - 9. Calculate l(-9).
-27
Let j(n) = -n**3 - 8*n**2 + 20*n + 1. Calculate j(-10).
1
Let g(w) = -w - 14. Determine g(-13).
-1
Let d(n) = n - 10. Give d(4).
-6
Let p(b) = b**3 - 6*b**2 + 15*b - 10. Determine p(3).
8
Let d(u) = 25*u**2 - 201*u + 6. What is d(8)?
-2
Let p(b) = -b**2 - 7*b + 15. Determine p(-6).
21
Let n(i) = -i**2 + 2*i + 13. Determine n(7).
-22
Let p(g) = g**2 + 20*g + 15. Calculate p(-19).
-4
Let b(v) = -v**3 + 2*v**2 + 7*v + 1. Give b(4).
-3
Let j(n) = -12*n - 2. Determine j(-6).
70
Let d(q) = q**2 + 17*q - 12. Calculate d(-19).
26
Let g(a) = -20*a - 89. Determine g(-6).
31
Let y(m) = m**2 - 4*m + 1. Give y(8).
33
Let z(j) = -6*j - 19. Calculate z(-1).
-13
Let c(f) = f - 12. Give c(-5).
-17
Let x(w) = -w**3 - 19*w**2 - 66*w + 45. Calculate x(-14).
-11
Let j(b) = 5*b + 56. Determine j(-10).
6
Let d(z) = 3*z - 2. Determine d(-1).
-5
Let m(a) = a**2 - 7*a + 8. What is m(5)?
-2
Let a(b) = -134*b + 4. Give a(1).
-130
Let i(x) = -x**2 + 5*x + 23. Calculate i(-6).
-43
Let c(b) = 10*b - 7. Determine c(-8).
-87
Let x(z) = z**3 - 5*z**2 - 10*z - 1. Determine x(7).
27
Let l(r) = -17*r + 1. What is l(1)?
-16
Let a(b) = -2*b**3 - 11*b**2 + 14*b - 17. Calculate a(-7).
32
Let d(k) = -8*k - 7. What is d(8)?
-71
Let l(r) = r**3 + r**2 - 2*r + 4. Give l(0).
4
Let t(k) = -292*k - 885. Determine t(-3).
-9
Let t(g) = 30*g**3 - 2*g**2 + 5*g - 4. Calculate t(2).
238
Let v(c) = -c**2 - c + 5. Give v(-3).
-1
Let v(s) = s**3 + 10*s**2 + s + 7. Determine v(-10).
-3
Let i(v) = 4*v + 35. Determine i(-9).
-1
Let z(k) = 2*k**3 + 15*k**2 + 5*k + 90. Determine z(-8).
-14
Let w(g) = -g**3 + 44*g**2 - 40*g - 92. What is w(43)?
37
Let d(p) = -p**3 - 11*p**2 + 16. Calculate d(-11).
16
Let f(g) = -20*g**2. Determine f(1).
-20
Let x(h) = h**2 + 5*h - 12. What is x(-8)?
12
Let s(g) = g**3 - g**2 - 3*g + 3. What is s(-3)?
-24
Let j(i) = 2*i + 25. Give j(6).
37
Let x(a) = -2*a**2 - 52*a - 6. What is x(-26)?
-6
Let f(j) = 8*j**3 - j**2 + 4*j - 3. Calculate f(1).
8
Let z(l) = 2*l**3 + 12*l**2 - 5*l - 8. Give z(-6).
22
Let w(x) = x**2 - 8*x + 7. Calculate w(7).
0
Let t(c) = -c**2 - 6*c - 1. Give t(-7).
-8
Let j(x) = 2*x**2 + 16*x + 6. Give j(-8).
6
Let a(k) = -k**2 + 3*k - 11. Determine a(4).
-15
Let y(j) = 2*j**3 - 80*j**2 + 78*j - 11. Give y(39).
-11
Let q(b) = -92*b - 1098. Calculate q(-12).
6
Let y(c) = c**2 - 5*c - 6. Give y(-2).
8
Let z(p) = 5*p - 1. Determine z(5).
24
Let k(g) = -3*g - 79. Determine k(-29).
8
Let k(c) = -2*c**2 + 29*c + 20. Determine k(15).
5
Let k(p) = p**3 + 51*p**2 + 409*p - 49. Determine k(-41).
-8
Let h(c) = -c**3 + 5*c**2 - c. Give h(5).
-5
Let l(i) = -i**2 + 11*i + 18. What is l(10)?
28
Let l(i) = 2*i + 59. What is l(-12)?
35
Let k(x) = -2*x + 12. What is k(6)?
0
Let a(h) = h**2 + h + 13. Determine a(5).
43
Let v(j) = -j - 1. What is v(0)?
-1
Let v(o) = 2*o - 13. What is v(0)?
-13
Let b(a) = a**3 + 3*a**2 - 5*a - 17. What is b(-3)?
-2
Let i(g) = 2*g + 16. Give i(-11).
-6
Let u(k) = 3*k - 2. Calculate u(7).
19
Let w(q) = -q**3 + 7*q**2 + 3*q + 1. What is w(7)?
22
Let m(z) = -z**2 + 18*z - 13. What is m(19)?
-32
Let c(l) = 2*l**2 + l + 9. What is c(6)?
87
Let g(u) = 3*u**2 + 15*u + 15. What is g(-2)?
-3
Let u(q) = -q**3 - 7*q**2 + 18*q - 5. Give u(-9).
-5
Let s(z) = z**2 + 2*z - 25. Calculate s(-11).
74
Let v(w) = w**2 + 8*w - 27. Give v(-11).
6
Let g(b) = -b**2 + 7*b - 8. Determine g(6).
-2
Let j(p) = -3*p**2 + 51*p - 53. Determine j(16).
-5
Let o(v) = v**3 - 8*v**2 - 12*v - 1. What is o(9)?
-28
Let z(r) = -r**3 - 2*r**2 - r - 8. What is z(-3)?
4
Let l(k) = -k**2 + 3*k + 29. What is l(-4)?
1
Let o(j) = -2*j**2 - 3*j. Determine o(3).
-27
Let p(h) = -12*h - 3. Determine p(4).
-51
Let r(m) = m**3 - 9*m**2 - 16*m + 11. Determine r(11).
77
Let i(w) = -w**2 - 9*w + 8. Determine i(-12).
-28
Let k(u) = u - 2. Give k(7).
5
Let d(y) = -y**2 + 2*y + 4. What is d(6)?
-20
Let r(q) = -q**2 + 8*q + 9. Give r(7).
16
Let z(c) = -25*c + 380. Calculate z(15).
5
Let x(m) = m**3 - 13*m**2 - 16*m + 8. Calculate x(14).
-20
Let m(p) = -10*p - 31. What is m(-3)?
-1
Let x(k) = 4*k + 2. What is x(4)?
18
Let u(k) = -20*k - 71. Determine u(-4).
9
Let s(y) = y**3 + 11*y**2 + 2*y - 2. Calculate s(-11).
-24
Let r(t) = t**3 - 19*t**2 - 21*t + 25. What is r(20)?
5
Let z(c) = c**2 - 4*c - 17. Calculate z(6).
-5
Let v(i) = -i**3 + 10*i**2 - 10. Determine v(10).
-10
Let o(v) = -18*v - 432. Calculate o(-24).
0
Let r(l) = 59*l + 4. Calculate r(-1).
-55
Let p(f) = f**3 - 6*f**2 - 11*f + 15. Determine p(7).
-13
Let l(k) = -k**3 + 23*k - 38. Determine l(4).
-10
Let f(h) = -h**3 - 3*h**2 + 9*h + 31. Determine f(-3).
4
Let c(k) = -k**2 + 4*k + 12. Calculate c(-2).
0
Let j(n) = 11*n + 7. Give j(-3).
-26
Let g(o) = -o**2 + 2*o + 62. What is g(0)?
62
Let f(t) = -36*t - 110. Calculate f(-3).
-2
Let n(u) = -2*u + 14. Give n(-2).
18
Let q(d) = -d**2 - 4*d + 5. What is q(-6)?
-7
Let t(n) = -11*n + 124. Determine t(12).
-8
Let n(v) = 2*v**3 - 2*v**2 - v + 1. Give n(-2).
-21
Let z(f) = f**3 - 4*f**2 + 11*f - 4. What is z(4)?
40
Let m(f) = f**3 + 7*f**2 + 7*f - 8. Give m(-5).
7
Let s(q) = q**2 - 4*q - 7. Determine s(7).
14
Let o(n) = n**2 - 2*n + 6. Determine o(4).
14
Let z(d) = -4*d + 122. What is z(31)?
-2
Let o(b) = b**3 + 15*b**2 - 54*b. What is o(-18)?
0
Let o(p) = p + 7. Determine o(-5).
2
Let x(u) = -30*u - 777. Give x(-26).
3
Let j(f) = f. Calculate j(-11).
-11
Let t(v) = 5*v + 152. What is t(-34)?
-18
Let s(g) = 4*g - 5. Calculate s(-6).
-29
Let i(g) = -3*g + 45. Determine i(-17).
96
Let q(y) = y**3 - 15*y**2 - 51*y + 6. Calculate q(18).
60
Let p(i) = 2*i - 9. Calculate p(5).
1
Let j(m) = -m**3 - 8*m**2 - 6*m + 8. Give j(-7).
1
Let z(b) = -b**2 - 9*b - 8. What is z(-7)?
6
Let v(c) = -22*c + 286. Calculate v(13).
0
Let r(k) = k**3 - k**2 - 12*k + 16. Calculate r(3).
-2
Let z(o) = 15*o - 25. What is z(2)?
5
Let u(i) = -i + 8. Give u(8).
0
Let o(q) = 7*q + 10. What is o(8)?
66
Let u(s) = s**3 + 2*s**2 + 10. What is u(-4)?
-22
Let i(q) = -q**3 - 15*q**2 - 54*q + 5. Determine i(-9).
5
Let z(g) = 5*g + 14. What is z(4)?
34
Let b(o) = -o + 22. Give b(13).
9
Let w(s) = s**3 - 39*s**2 + 229*s - 27. Give w(7).
8
Let b(l) = -l**3 + 4*l**2 - 5*l + 10. Determine b(3).
4
Let q(d) = d**3 + 9*d**2 - 11*d - 15. Give q(-10).
-5
Let m(w) = -w**3 - 11*w**2 - 15*w - 21. Give m(-9).
-48
Let y(r) = -25*r + 1. What is y(1)?
-24
Let z(c) = 236*c + 472. Calculate z(-2).
0
Let m(k) = k**2 + 12*k + 32. Give m(-6).
-4
Let s(i) = 2*i - 2. Determine s(3).
4
Let d(g) = 3*g - 39. Calculate d(14).
3
Let u(t) = t + 4. Determine u(-9).
-5
Let f(r) = r**3 - 6*r**2 + 5*r - 14. Calculate f(6).
16
Let t(m) = -m**2 - 19*m - 97. What is t(-7)?
-13
Let q(u) = -11*u + 23. Give q(5).
-32
Let w(z) = z**3 - 8*z**2 - 3*z + 1. Determine w(8).
-23
Let t(a) = -a**2 - 8*a + 29. Give t(-11).
-4
Let g(h) = h**3 + 4*h**2 - 5. Give g(-4).
-5
Let t(r) = -3*r**2 + 15*r + 13. What is t(6)?
-5
Let y(i) = 15*i**2 - 4*i + 4. Calculate y(1).
15
Let m(d) = d**3 - 7*d**2 + 5*d + 7. What is m(6)?
1
Let v(o) = -o - 16. What is v(-12)?
-4
Let d(h) = -h + 12. Give d(8).
4
Let a(g) = 10*g**2 + g + 1. What is a(-1)?
10
Let g(v) = -9*v - 49. Give g(5).
-94
Let x(o) = o - 12. Calculate x(-3).
-15
Let l(h) = -3*h + 33. Determine l(5).
18
Let t(o) = -o**2 + 6*o - 5. Calculate t(3).
4
Let w(y) = y + 16. Determine w(-20).
-4
Let w(r) = -3*r**3 - 2*r**2 - 1. Cal